is divided by 880588?
267
What is the remainder when 3004 is divided by 1976?
1028
What is the remainder when 45950 is divided by 504?
86
Calculate the remainder when 159717490 is divided by 18.
16
Calculate the remainder when 869612 is divided by 144834.
608
Calculate the remainder when 124990 is divided by 2627.
1521
Calculate the remainder when 115237716 is divided by 8.
4
Calculate the remainder when 11870479 is divided by 11870477.
2
What is the remainder when 69073 is divided by 984?
193
Calculate the remainder when 811105 is divided by 660.
625
What is the remainder when 130407564 is divided by 73?
72
What is the remainder when 812580 is divided by 135430?
0
What is the remainder when 20464143 is divided by 74415?
18
What is the remainder when 1348488 is divided by 585?
63
Calculate the remainder when 456618 is divided by 152156.
150
What is the remainder when 852244 is divided by 234?
16
Calculate the remainder when 87765 is divided by 21774.
669
What is the remainder when 62563754 is divided by 43?
1
Calculate the remainder when 55720136 is divided by 1577.
1572
What is the remainder when 815501 is divided by 58?
21
What is the remainder when 1028755 is divided by 68576?
115
Calculate the remainder when 6668003 is divided by 392235.
8
What is the remainder when 118045 is divided by 3077?
1119
Calculate the remainder when 7436408 is divided by 445.
13
Calculate the remainder when 373243 is divided by 5431.
3935
Calculate the remainder when 34380 is divided by 4841.
493
What is the remainder when 539736 is divided by 824?
16
What is the remainder when 46372 is divided by 958?
388
What is the remainder when 439421 is divided by 553?
339
Calculate the remainder when 11124300 is divided by 135.
30
What is the remainder when 246318904 is divided by 1653147?
1
What is the remainder when 114642804 is divided by 133?
129
Calculate the remainder when 2667669 is divided by 333.
6
What is the remainder when 37611 is divided by 3111?
279
Calculate the remainder when 969087 is divided by 484438.
211
Calculate the remainder when 39691 is divided by 12253.
2932
What is the remainder when 165116278 is divided by 210?
208
What is the remainder when 62724 is divided by 609?
606
What is the remainder when 21714 is divided by 1878?
1056
Calculate the remainder when 151708 is divided by 841.
328
What is the remainder when 162100 is divided by 32330?
450
What is the remainder when 9484 is divided by 4461?
562
Calculate the remainder when 116084891 is divided by 181.
179
What is the remainder when 1514878 is divided by 2379?
1834
Calculate the remainder when 138647 is divided by 1002.
371
Calculate the remainder when 78871904 is divided by 540.
44
What is the remainder when 12021 is divided by 11958?
63
Calculate the remainder when 1105116 is divided by 6388.
6380
What is the remainder when 362790692 is divided by 8389?
8387
Calculate the remainder when 2071772 is divided by 4584.
4388
Calculate the remainder when 1019651 is divided by 747.
743
What is the remainder when 47737 is divided by 1256?
9
What is the remainder when 14718269 is divided by 21?
20
Calculate the remainder when 63855290 is divided by 63.
2
Calculate the remainder when 78613139 is divided by 57.
50
Calculate the remainder when 174571 is divided by 526.
465
Calculate the remainder when 25669 is divided by 143.
72
Calculate the remainder when 397518 is divided by 66248.
30
Calculate the remainder when 867322 is divided by 456.
10
What is the remainder when 5956558 is divided by 1698?
1672
What is the remainder when 253652222 is divided by 583?
582
What is the remainder when 51440908 is divided by 78?
64
What is the remainder when 1688416 is divided by 562658?
442
Calculate the remainder when 1569157 is divided by 28530.
7
Calculate the remainder when 572371 is divided by 541.
534
Calculate the remainder when 9049 is divided by 8961.
88
What is the remainder when 24217 is divided by 16?
9
What is the remainder when 2999333 is divided by 4341?
4043
Calculate the remainder when 9383215 is divided by 536.
535
What is the remainder when 2418436 is divided by 2961?
2260
What is the remainder when 70895 is divided by 2466?
1847
What is the remainder when 375230 is divided by 125049?
83
What is the remainder when 420429096 is divided by 1175?
1171
What is the remainder when 1847093 is divided by 615694?
11
What is the remainder when 17902526 is divided by 1790252?
6
Calculate the remainder when 287476 is divided by 637.
189
Calculate the remainder when 14224 is divided by 1463.
1057
Calculate the remainder when 449882 is divided by 224922.
38
Calculate the remainder when 41932557 is divided by 5.
2
Calculate the remainder when 190301029 is divided by 15858418.
13
What is the remainder when 142684 is divided by 2595?
2554
What is the remainder when 3120983 is divided by 520163?
5
What is the remainder when 116471 is divided by 74?
69
What is the remainder when 9607549 is divided by 739041?
16
Calculate the remainder when 17472228 is divided by 18.
6
Calculate the remainder when 212447990 is divided by 157.
143
What is the remainder when 5264462 is divided by 109674?
110
What is the remainder when 2620163 is divided by 201549?
26
What is the remainder when 6090 is divided by 160?
10
Calculate the remainder when 25369594 is divided by 305.
304
What is the remainder when 42750 is divided by 430?
180
Calculate the remainder when 49518 is divided by 336.
126
Calculate the remainder when 12305252 is divided by 3616.
4
What is the remainder when 2618965 is divided by 218236?
133
Calculate the remainder when 99661012 is divided by 27885.
22
Calculate the remainder when 2233404 is divided by 48549.
150
What is the remainder when 19111 is divided by 2381?
63
What is the remainder when 1062455 is divided by 19317?
20
What is the remainder when 96165 is divided by 32055?
0
Calculate the remainder when 142972 is divided by 222.
4
Calculate the remainder when 3748964 is divided by 165.
164
What is the remainder when 1277360 is divided by 226?
8
What is the remainder when 97701 is divided by 18688?
4261
What is the remainder when 437789 is divided by 20?
9
Calculate the remainder when 749849 is divided by 3640.
9
What is the remainder when 34246493 is divided by 1070198?
157
Calculate the remainder when 542506 is divided by 1010.
136
What is the remainder when 52273 is divided by 2367?
199
Calculate the remainder when 106476180 is divided by 6441.
9
Calculate the remainder when 1977425 is divided by 431.
428
What is the remainder when 36979359 is divided by 9244836?
15
What is the remainder when 1658622 is divided by 25?
22
What is the remainder when 764099 is divided by 1895?
414
Calculate the remainder when 963228298 is divided by 12.
10
Calculate the remainder when 47545 is divided by 1369.
999
Calculate the remainder when 195178 is divided by 64816.
730
Calculate the remainder when 51871175 is divided by 284.
279
What is the remainder when 12894 is divided by 3557?
2223
What is the remainder when 1738316 is divided by 14?
6
What is the remainder when 2487813 is divided by 119?
118
What is the remainder when 292603 is divided by 1449?
1354
What is the remainder when 763431 is divided by 98?
11
Calculate the remainder when 2068711079 is divided by 258.
257
What is the remainder when 2225098 is divided by 23178?
10
Calculate the remainder when 4874642 is divided by 14.
10
Calculate the remainder when 499847 is divided by 166603.
38
Calculate the remainder when 338584 is divided by 1453.
35
Calculate the remainder when 338427 is divided by 381.
99
What is the remainder when 2427468 is divided by 34164?
1824
Calculate the remainder when 15525891 is divided by 11308.
7
Calculate the remainder when 4185489 is divided by 850.
89
What is the remainder when 5045323 is divided by 2754?
2749
What is the remainder when 1377944369 is divided by 15?
14
Calculate the remainder when 176440 is divided by 35185.
515
What is the remainder when 1528358 is divided by 1528351?
7
Calculate the remainder when 348983 is divided by 923.
89
What is the remainder when 854800 is divided by 94976?
16
Calculate the remainder when 65199417 is divided by 1341.
1338
Calculate the remainder when 44998243 is divided by 73.
21
What is the re